 + 2. Let h be n(2). Let y(w) = 19*w**2 + 886*w + w**3 - 443*w - 10*w**2 - 435*w + 6. Give y(h).
6
Let r(q) = 3*q + 0*q - 19*q**2 + 1 + 3 + 13*q**2 + q**3. Determine r(5).
-6
Let c(f) be the second derivative of -5*f**3/6 - 113*f + 1. What is c(2)?
-10
Suppose -2*t - 24 = q, 3*t - t = 4*q + 126. Let d = q + 26. Let a(h) = -h**2 - 4*h - 1. Give a(d).
-1
Let p(x) = 16*x + 488. Let f be p(-30). Let j(g) be the second derivative of -g**2 + 0 - f*g - 1/3*g**3. What is j(-2)?
2
Let k(a) = a + 4. Suppose 5*z + 4*n - 65 = 0, 6*n - 46 = -4*z + 4*n. Suppose 2*b = z*b + 28. Determine k(b).
0
Let j(k) be the first derivative of -k**2 - 5*k + 72. Give j(5).
-15
Let w(r) be the third derivative of -r**6/120 + r**5/10 - r**4/3 - r**3/2 + 287*r**2. Calculate w(4).
-3
Suppose g - 3*u = -7*u, 2*g + 4*u = -4. Let w(q) = 2*q - 10. Calculate w(g).
-18
Let o(g) = 5*g**3 - g**2 + g - 1. Suppose 709 = 2*y + 703. Suppose 3*z = i - 13, -z - 6 = z. Suppose i + y = 7*v. What is o(v)?
4
Let b(t) = 2*t**2 - 16*t + 1. Suppose 44 = 5*n + s, 2*s = 6*s - 16. Determine b(n).
1
Suppose 463 - 183 = 5*l. Let u(v) = -48*v**2 + v - l*v**2 + 88*v**2 - 1. Calculate u(1).
-16
Let s be 1 + -1 + (1 - 1). Suppose -o = -15 + 14. Let l(c) = -c - 1. Let j(i) = 2*i - 5. Let r(z) = o*j(z) + 3*l(z). Calculate r(s).
-8
Let y(q) = q**2 + 3*q. Let v be y(-2). Let u(l) = l**2 - 2*l + 6. Let c(b) = -2*b**2 + b - 6. Let j(r) = v*c(r) - 3*u(r). Let g = 1230 + -1235. What is j(g)?
-1
Let r(n) be the third derivative of n**6/120 - n**5/20 - n**4/3 + n**3 + 282*n**2 + 2. Let u be 1/(-2) + (-11)/(-2). Give r(u).
16
Let t(f) = 3*f**3 - 5*f**2 + 8*f + 6. Let v(a) = 2*a**3 + a**2 + a + 1. Let d(b) = -t(b) + v(b). What is d(3)?
1
Let v(n) be the third derivative of n**8/6720 + n**7/1260 - 2*n**4 + 44*n**2. Let c(y) be the second derivative of v(y). What is c(-2)?
0
Let q(h) = h**2 - 9*h - 3. Suppose -j = -5*x - 6*j + 35, -5*x - 2*j = -44. Let k be (-6)/x - (-99)/15. Give q(k).
-21
Suppose 3*o = 2*o + 2. Let v(h) = h**3 + 6*h**2 + h - 1 - 10*h**o - 3. Calculate v(4).
0
Let a(u) be the first derivative of 2*u**3 - 3*u + 1/4*u**4 - 3*u**2 + 8. Suppose -5*r = 5*l + 35, -3*l - l - 28 = -4*r. What is a(l)?
-10
Suppose 2*x - 9 = y, 4*x - 33 = 6*y - 9*y. Suppose 0 = -r - 0*r + 4. Let a(d) = -r + 3 - d + 4. What is a(x)?
-3
Suppose -5*m - 9 = -8*m. Let i(t) = -2 - 3*t - 5*t**2 + 3*t**2 - t**m - 6*t**2 + 3*t**2. Give i(-5).
13
Let p(l) = l**3 + 6*l**2 + 7*l + 7. Let y be 6/8 + 10/8. Let g be (-132)/28 - (16/7 - y). What is p(g)?
-3
Let r be (-156)/(-9) - 3/((-27)/6). Suppose -22*g + 20*g = r. Let b(q) = -q**2 - 9*q - 2. What is b(g)?
-2
Suppose 3 = -2*f + u, -u = 4*f - 3 - 0. Let m(s) = -s - 12. Give m(f).
-12
Let i(w) = -w**2 + w + 1. Let a(h) = 6*h**2 - 12*h - 6. Let f(j) = -a(j) - 5*i(j). Suppose -4*d = 4*n - 0*n - 36, n + 5*d - 21 = 0. Give f(n).
7
Let w(p) = -5*p**3 - 8*p**2 - 7*p - 5. Let r(a) = 4*a**3 + 7*a**2 + 6*a + 5. Let y(m) = -6*r(m) - 5*w(m). Calculate y(0).
-5
Let v be (2/(-1) - 3)*-1. Let i(b) = -2*b**2 + 10*b + 7. Let s be i(5). Let w(l) = 4 - 8*l + 10 - s + l**2. Give w(v).
-8
Let r(i) be the second derivative of -3*i**5/10 - i**4/12 + i**3/6 + 7*i + 8. Give r(1).
-6
Let z(b) be the third derivative of b**4/12 - 3*b**3/2 - 2*b**2. Let t be 45/25*(40/(-3))/(-4). Give z(t).
3
Let s(h) be the third derivative of -h**6/720 + h**5/120 - 2*h**4/3 + 6*h**2. Let r(f) be the second derivative of s(f). Determine r(1).
0
Let c(l) be the third derivative of 0*l + 1/120*l**6 - 1/6*l**3 + 0 + 3*l**2 - 1/12*l**5 + 1/8*l**4. Determine c(4).
-5
Let b(y) = y + 8. Let q(k) = k**3 + 22*k**2 - 22*k + 13. Let z be q(-23). Calculate b(z).
-2
Let c = -12 - -20. Let x be c/8 + (-2)/(-2). Let p(m) = 0 + 3 + x - 1 + m. Determine p(0).
4
Let p(k) = -27*k - 35. Let g(l) = 23*l + 36. Let j(v) = -6*g(v) - 5*p(v). Give j(-15).
4
Let l(h) = -h**3 + 21*h**2 - 22*h + 44. Let i be l(20). Let v(j) = i*j + 3 + 3*j**3 - 12*j + 5*j - 4*j**3 + 2*j**2. Calculate v(2).
-3
Let d(o) = -o**2 - 3*o - 3. Suppose 0 = 21*p + 6*p + 135. Calculate d(p).
-13
Let f(b) = 2*b**2 - 6*b + 4. Let m = -204 - -208. What is f(m)?
12
Let w(d) = 10*d**3 - d**2 + d - 5. Let v(j) = -9*j**3 + j**2 - j + 4. Let y(r) = -4*v(r) - 3*w(r). Let g be -6 + 14/8*4. What is y(g)?
5
Let x(u) = -11*u - 3. Let o(c) = -5*c - 2. Let l(w) = 9*o(w) - 4*x(w). Give l(-9).
3
Suppose -3*h = -0*h - 2*b - 2, -b + 2 = 0. Suppose 0 = -3*a + 9, -h*f + a - 3*a = -10. Suppose -f*r = -3*r. Let m(x) = x**3 - 3. Give m(r).
-3
Let z(w) = w**3 + 5*w**2 - 5*w. Let d be z(-6). Let l(v) = -2*v - 15. Let p(a) = -a - 7. Let o(f) = -2*l(f) + 5*p(f). Calculate o(d).
1
Let t(k) be the first derivative of 0*k + 1/24*k**4 + 2*k**3 - 1/60*k**5 + 1 + 0*k**2. Let s(w) be the third derivative of t(w). Determine s(-2).
5
Let w(y) = -y**2 - 9*y - 14. Let n be w(-6). Suppose n*l - 5*l + 3 = 0. Let i(o) = 9 - 15 + o + 2 + l. Determine i(0).
-1
Let i(z) be the second derivative of z**5/20 - z**4/12 - z**3/2 - 2*z**2 + z - 4. Suppose 0 = 4*w - t - 16, -w - 3 = 5*t + 14. Give i(w).
5
Let n(j) be the second derivative of j**5/20 + 11*j**4/12 + 5*j**3/3 - 6*j**2 + 40*j. What is n(-10)?
-12
Let v(b) = -b**2 + 13*b - 4. Let j(l) = 2*l**2 + 13*l - 22. Let h be j(2). Give v(h).
8
Let c(k) be the second derivative of 4*k + k**2 + 0*k**3 + 1/4*k**4 - 1/20*k**5 + 0. Give c(2).
6
Let k(y) = -3*y**2 - 2*y - 2. Let a(o) = -14*o**2 + 8*o + 35. Let v(u) = -a(u) + 5*k(u). What is v(-15)?
0
Let r(l) = -l**2 + 43*l - 148. Let g be r(39). Suppose -4*y = 4*j - 56, j = 2*y - 9 - 10. Let q = g - y. Let u(c) = -c**2 - 2*c - 3. Give u(q).
-6
Let d(i) = 9*i - 8003 - i**2 + 0*i**2 + 8002. Give d(8).
7
Let y(r) = r**2 - 8*r + 15. Let g = -1141 + 1145. Give y(g).
-1
Let c = 18 - 13. Let b(d) = 2 + 4 - 5*d - 6*d - c. What is b(-1)?
12
Let s(a) = -a**3 + 4*a**2 - 8. Let z(u) = -u - 2. Let b(c) = s(c) - 4*z(c). Give b(4).
16
Let o(l) be the third derivative of -l**5/60 - l**4/6 + 3*l**3/2 - 73*l**2 - 2. What is o(-7)?
-12
Let s(h) = 3*h**2 - h**3 - 4*h**2 - h**2. Let q(d) = 5*d**2 + 42*d - 30. Let l be q(-9). Give s(l).
9
Let j = 1809 + -1806. Let y(n) = 4*n - 10. What is y(j)?
2
Let a(o) be the second derivative of 3*o**5/20 + o**3/3 - 3*o**2/2 - 406*o. What is a(1)?
2
Let d = 35 + -27. Let v(g) = 13*g + g**3 + 5*g - 21*g + d*g**2 - 9. What is v(-8)?
15
Suppose -4*v - 3*g = -6*v - 2, 0 = -g + 4. Let j(l) = -l - 6. Give j(v).
-11
Let z(p) = -p**2 - 6*p - 5. Let c be ((-21)/(-9) + -2)*15. Suppose -3*r + 15 = -0*r - c*y, r - 4*y = 5. Let s be (r + 3)/2 + -10. Determine z(s).
-5
Let z(u) = 96*u + 4*u**3 - 3*u**3 - 6*u**2 - 86*u + 3 - 5*u**2. Calculate z(10).
3
Let t(v) = -v**2 - v + 5. Suppose 10*a - 48 = 4*a. Let y(w) = -w**3 + 8*w**2. Let j be y(a). Let k be j + 0*4/(-16). Give t(k).
5
Let q(g) be the first derivative of g**4/4 - 4*g**3/3 - 25. Give q(4).
0
Let g(c) = -c**2 + 10*c - 5. Suppose 34*a - 224 = 2*a. What is g(a)?
16
Let z(f) be the second derivative of -f**3/2 - f**2/2 + 41*f. Let x be (-4)/(-22) + (-18)/(-22). Determine z(x).
-4
Let v(j) be the second derivative of j**8/1120 - j**7/2520 + j**5/120 - 13*j**4/12 + 32*j. Let i(a) be the third derivative of v(a). What is i(1)?
6
Let f(c) be the third derivative of -c**4/8 + 8*c**3/3 - 69*c**2 + c. Determine f(5).
1
Let r(a) = -27*a - 30*a + 107*a - 23*a - 23*a. What is r(-10)?
-40
Let x(a) be the third derivative of a**5/120 - a**4/24 + 2*a**3/3 + a**2. Let p(r) be the first derivative of x(r). Let f = -45 + 43. What is p(f)?
-3
Let h(a) = -a - 23. Suppose 0 = p + 3*x + 18, 22*x - 20*x + 4 = 0. Determine h(p).
-11
Let r(i) = -20*i + 57 + 44*i - 25*i - 91. What is r(-9)?
-25
Let p(v) = -v**2 - 5*v. Let u = -34 - -157. Let n be u/(-18) + (-1)/6. Calculate p(n).
-14
Let g be (-5)/(-1)*533/65. Suppose 0 = g*n - 46*n. Let v(d) = d**2 - 1. Let u(p) = p**2 + p + 3. Let b(x) = u(x) - 2*v(x). Determine b(n).
5
Let d(w) = -w**2 - 3*w + 9. Let m(l) = l. Let q(u) = d(u) - 3*m(u). Let h(k) = -k**2 - 6*k + 8. Let o(v) = 5*h(v) - 4*q(v). Give o(-7).
-3
Let o(s) = -11*s**3 + s**2 - 1. Let y(q) = 1 + 153*q**3 - 154*q**3 - 2*q**2 + 2*q**2. Suppose 0 = 4*a + 2 - 6. Let b(n) = a*o(n) + y(n). What is b(1)?
-11
Suppose -4*p = -f + 22 + 16, -2*p - 3*f - 12 = 0. Let j = -5 - p. Let d(u) = u - 4. Let n be d(j).